the tens digit of i?
1
Suppose 0 = -5*t - 2 - 8. What is the units digit of 42/4 + 1/t?
0
Let v(w) = -29*w + 4. Let m be v(6). Let i = m - -245. What is the tens digit of (-52)/(-10)*i/30?
1
What is the tens digit of 2*205/(-30)*-117?
9
Suppose 3*h - 9 = -0*h. Suppose -3*c = 2*v - 20, 2*v = c + h*v - 5. What is the tens digit of ((-48)/c)/((-3)/15)?
2
Suppose 0 = 3*v + 3*c - 1392, -1364 = -3*v - 30*c + 34*c. What is the hundreds digit of v?
4
Suppose -10*n = -793 - 5567. What is the tens digit of n?
3
Suppose -3*y - 9 = 4*b + b, -4*b + 12 = -4*y. Let d(s) = 32*s - 106. Let p be d(4). Suppose c = -b*c + p. What is the units digit of c?
2
Suppose j + 3 = u, u = -u + 8. Let m be (0 - (-1)/j) + 3. Suppose m = 2*r - 2. What is the units digit of r?
3
Let r(o) = o + 29. Let d(t) = 4*t + 2. Let x be d(1). Let a = 6 - x. What is the tens digit of r(a)?
2
What is the units digit of ((-23465)/(-13))/((-15)/(-6))?
2
Let c(v) = v + 59. Let x be (1 + -1)/((-4)/(-4)). Let h be c(x). Let f = h - 39. What is the units digit of f?
0
Let y = 728 + -264. What is the units digit of y?
4
Let o(i) be the second derivative of 9/2*i**2 + 1/6*i**4 + 0 - 2*i**3 - 5*i. What is the units digit of o(8)?
1
Suppose 12970 = 28*k - 9066. What is the units digit of k?
7
Suppose 4*s + 108 = 6*s. Let j be (-2)/3*s/(-3). Suppose 7*h = j + 23. What is the units digit of h?
5
Suppose -x + 0*x = 0. Suppose x = -5*j + j + 16. Suppose 45 = j*v - 15. What is the units digit of v?
5
Let k be 582/4 - (-18)/(-12). Suppose 9*u - k = 5*u. What is the units digit of u?
6
Suppose 0 = -4*g - 0 + 24. What is the units digit of 108/5 - g/(-15)?
2
Let a(v) be the third derivative of v**5/60 + v**4/6 - 4*v**3/3 - 4*v**2. What is the tens digit of a(5)?
3
Let u(h) = h**3 - 9*h**2 - 10*h - 9. Let m be u(12). Suppose 3*o = 2*d - 191, 4*d - m = d - o. What is the tens digit of d?
0
Suppose 2*q - 6 = 4*h, h - q + 1 = -0*q. Let s(i) = -i. Let c be s(h). Suppose 2*v = -c*v + 108. What is the tens digit of v?
2
Suppose -2*x - 4*d = -167 - 61, 406 = 4*x - 2*d. What is the units digit of x?
4
Let q = 249 - 226. Let h = 16 - 9. Let s = q - h. What is the units digit of s?
6
Let l(v) = 223*v**3 - 2*v**2 + 12*v + 2. What is the units digit of l(2)?
2
What is the hundreds digit of 10/1 + (22 - -566)?
5
Suppose 3*n + 64 = 5*d - 3*d, 0 = 3*d + 3*n - 81. Let r = d - 27. Let z = r - -36. What is the tens digit of z?
3
Suppose -3*h = -5*p - 2, 4*h = -0*p + 2*p + 12. Let o be (-657)/(-9) + (-2 - p). Let i = o - 18. What is the tens digit of i?
5
Suppose 17377 - 115717 = -33*y. What is the thousands digit of y?
2
What is the units digit of (84/20)/(-7) + 24593/5?
8
What is the units digit of (506 - (2 + 3))/(-1 - -2)?
1
Suppose x = u + 993, u = 3*x - 2141 - 848. What is the tens digit of x?
9
Suppose 18*c - 454 = -112. What is the units digit of c?
9
Let z(r) = 2*r + 3. Let x be z(0). Suppose d = x*d + 4*s - 4, -5*s = -5*d + 40. What is the units digit of d?
6
Suppose -66 = -3*f - 3*m + 561, -1013 = -5*f + 3*m. What is the tens digit of f?
0
What is the tens digit of ((-44925)/(-50))/((-6)/(-8))?
9
Let b be (2/3)/((-5)/(-15)). Let v be 256/24 - b/3. Suppose -5*z - 50 = -v*z. What is the units digit of z?
0
Let q(i) be the third derivative of i**6/120 - 13*i**5/120 - i**4/4 + 2*i**2. Let a(n) be the second derivative of q(n). What is the units digit of a(10)?
7
Suppose d = -3*d - 20. Let c be (1/2)/(d/(-290)). Suppose 11 = 2*y - c. What is the units digit of y?
0
Let i = -2785 - -4140. What is the thousands digit of i?
1
Let y = 49 + -42. Suppose 0 = -3*m + y - 4, m + 109 = 2*g. What is the units digit of g?
5
Suppose 3*r = -5*s + 2315, -8*r - 5*s - 1535 = -10*r. What is the tens digit of r?
7
What is the tens digit of 1/4*3/(27/14436)?
0
Suppose a = -33 + 29, -a + 1252 = 4*x. What is the units digit of x?
4
What is the units digit of (6 + 50/(-9))*5517?
2
Let r(i) = 7*i - 4*i**2 - i**2 - 6 - 2*i**3 + 3*i**3. Let y be ((-8)/(-5))/(4/10). What is the units digit of r(y)?
6
Let f be 9/((-189)/(-14)) + 7/3. Suppose 4*d - 158 = -2*m, 2*d = f*m - 3*d - 193. What is the units digit of m?
1
Let f(q) = q**3 + 2*q**2 - 5*q + 6. Let o be f(3). Let x be (-48)/(-3 + o/16). What is the units digit of (12/6)/(2/x)?
4
Suppose -31200 = -42*b + 3*b. What is the units digit of b?
0
Let d(l) = -3*l**3 + 2*l**2 + 3*l. Suppose 0 = 4*q - q + 816. Let i be q/119 + (-4)/(-14). What is the units digit of d(i)?
6
Suppose 0 = w - 0*w + 3*z - 1165, -w + 5*z = -1197. What is the tens digit of w?
7
Let c(j) be the third derivative of 13*j**5/20 - j**4/8 + j**3/6 + 6*j**2. What is the units digit of c(1)?
7
Let q = -134 - -286. Suppose 14*w - 18*w - q = 0. What is the tens digit of 3 + -3 - w - 2?
3
Let f(i) = -i**3 + 10*i**2 - 9*i + 2. Let g be f(9). Suppose u - g*u + 43 = 0. Suppose 3*w = -2*w - 2*n + u, 3*w - 5*n - 32 = 0. What is the units digit of w?
9
Let s(d) = d + 18. Let z be s(-6). Let m = z + -9. Let h(v) = 12*v + 7. What is the tens digit of h(m)?
4
Let j = -19 - -27. Let b = 50 - j. What is the units digit of b?
2
What is the tens digit of (-8 - 1) + (-2673)/(-9)?
8
Let h(y) = -9*y - 5. Suppose 0*f + 8 = 3*w + f, 4*f - 10 = -w. Suppose 5*t + 7 + 10 = -2*i, -3*t - w*i = 11. What is the units digit of h(t)?
2
Let a(s) = -s**2 - 9*s + 2. Let n be a(-9). Suppose 0 = -v + n*l - 7*l + 118, -5*v + 470 = -5*l. What is the units digit of v?
8
Suppose -3*p + 1524 = -3*d, -3*p - d + 5*d = -1524. Suppose 0 = -6*i + p + 278. What is the hundreds digit of i?
1
Let r = -45 + 80. Suppose -5*i = -z + r, 0 = -z + i + i + 35. What is the tens digit of (-10)/z + 363/21?
1
Let i = -1 - -10. Suppose 0 = m + 2*m - i. What is the units digit of m?
3
Let i = 1 - 0. Suppose j = -0*z + 2*z - 17, j - i = 0. Suppose 87 = -z*r + 12*r. What is the tens digit of r?
2
Let s(c) = -2*c**2 + 17*c + 60. Let f be s(-9). What is the tens digit of ((-9)/(-3))/(-3) - f?
5
Let b(h) = 2*h**3 + 14*h**2 - 16*h + 1. Let n be b(-8). Suppose -5*p - x + 0*x + 441 = 0, n = x. What is the units digit of p?
8
Let u(m) = m**2 - 5*m + 9. Let g(b) = 3*b + 1. Let i be g(-3). Let o = -13 - i. What is the units digit of u(o)?
9
Suppose 5*y + 2*t - 14094 = 0, 5*y = -4*t + 7549 + 6539. What is the units digit of y?
0
Let f = 3828 + -2594. What is the units digit of f?
4
Let b(i) = i**3 - 2*i**2 + i + 47. What is the tens digit of b(0)?
4
What is the hundreds digit of (-155000)/(-60) + 1/(-3)?
5
What is the hundreds digit of (202/(-606))/((-1)/5169 - 0)?
7
Let n(c) = 11*c**2 + 22*c + 252. What is the hundreds digit of n(-10)?
1
Let y = 22 + -18. Suppose -y*x + 2 - 10 = 0. Let l = 26 + x. What is the units digit of l?
4
Let a = 126 - -232. What is the units digit of a?
8
Let y = -7 - -22. Let i(u) = -u**2 + 14*u - 39. Let k be i(9). What is the tens digit of 10/k*y + -1?
2
Let o(z) = -z**3 - 804. Let x be o(0). Let g be 2/(-11) - x/66. What is the tens digit of g/16 + (-41)/(-4)?
1
Suppose 4*i = 0, 3*i + 0*i = n - 2646. What is the units digit of n?
6
Suppose 0 = -6*c - 13 + 31. Suppose 0 = 2*w - 8, c*z + w + 2*w - 75 = 0. Suppose -m + z = 5. What is the tens digit of m?
1
Let m(i) = -i**3 + 8*i**2 - 2*i - 4. Let x be m(5). Let v = x - 10. What is the tens digit of v?
5
What is the tens digit of ((-1756)/(-6))/((-48)/(-216))?
1
What is the tens digit of ((-61)/(-3))/(80/2880)?
3
Suppose 3*r = 217 + 248. Let t = -99 - -103. Suppose 0 = 5*l + x + 4*x - r, 0 = t*l - 3*x - 103. What is the tens digit of l?
2
Let b(p) be the third derivative of p**6/120 + p**5/30 - p**4/24 - p**3/2 - 6*p**2. Let s(m) = 2*m**2 - 4*m + 3. Let j be s(2). What is the units digit of b(j)?
9
Let h = 1908 - 536. What is the hundreds digit of h?
3
Suppose -6*g = -17*g + 33. Suppose -4*a + 3*a - 2*v = -133, g*a + 3*v = 399. What is the tens digit of a?
3
Let d(t) = -t**2 - 8*t + 29. Let u = 25 + -32. What is the tens digit of d(u)?
3
Suppose 3*w = -1 + 4. Let r be 3/w*70/21. Let i = r + -4. What is the units digit of i?
6
Suppose 0 = -l + 23 - 73. Let d = 43 - l. What is the units digit of d?
3
What is the tens digit of (12150/(-600))/((1/(-200))/1)?
5
Suppose -4*s + 3 = -w, -25 = 2*w + w - 4*s. Let p(n) = 2*n**2 + 19*n + 1. What is the tens digit of p(w)?
3
Let h = 15 + -11. Let y be 24 - (-2)/h*8. Suppose 9*x - 8*x = y. 